{"id":4344,"date":"2021-03-26T04:31:03","date_gmt":"2021-03-26T04:31:03","guid":{"rendered":"https:\/\/www.cerin.cl\/?page_id=4344"},"modified":"2026-01-25T14:53:24","modified_gmt":"2026-01-25T14:53:24","slug":"servicios-clinicos","status":"publish","type":"page","link":"https:\/\/www.cerin.cl\/index.php\/servicios-clinicos\/","title":{"rendered":"Servicios Cl\u00ednicos"},"content":{"rendered":"<p>[vc_row full_width=\u00bbstretch_row\u00bb bg_type=\u00bbbg_color\u00bb bg_color_value=\u00bb#ffffff\u00bb css=\u00bb.vc_custom_1769023414632{padding-top: 30px !important;padding-bottom: 30px !important;}\u00bb][vc_column width=\u00bb2\/3&#8243; offset=\u00bbvc_col-xs-12&#8243; el_class=\u00bbcerin-col-intro\u00bb][vc_custom_heading text=\u00bbCUIDADO DE LA SALUD CON ENFOQUE INTEGRAL\u00bb font_container=\u00bbtag:h4|font_size:26px|text_align:left|color:%2311b3e6|line_height:26px\u00bb use_theme_fonts=\u00bbyes\u00bb][vc_column_text]En CERIN ofrecemos una atenci\u00f3n integral que combina diagn\u00f3stico m\u00e9dico, rehabilitaci\u00f3n y bienestar, con un enfoque coordinado entre especialidades para acompa\u00f1arte en cada etapa de tu salud.[\/vc_column_text][\/vc_column][vc_column width=\u00bb1\/3&#8243; el_class=\u00bbcerin-col-resumen\u00bb]<div class=\"aio-icon-component  vc_custom_1769023730922   style_1\"><div id=\"Info-box-wrap-2950\" class=\"aio-icon-box default-icon\" style=\"\"  ><div class=\"aio-icon-default\"><div class=\"ult-just-icon-wrapper  \"><div class=\"align-icon\" style=\"text-align:center;\">\n<div class=\"aio-icon none \" data-animation=\"fadeInRight\" data-animation-delay=\"03\" style=\"color:#00b4e5;font-size:19px;display:inline-block;\">\n\t<i class=\"icomoon-brankic-32x32-checkmark3\"><\/i>\n<\/div><\/div><\/div><\/div><div class=\"aio-icon-header\" ><h3 class=\"aio-icon-title ult-responsive\"  data-ultimate-target='#Info-box-wrap-2950 .aio-icon-title'  data-responsive-json-new='{\"font-size\":\"desktop:15px;\",\"line-height\":\"desktop:15px;\"}'  style=\"font-weight:bold;color:#333333;\">Atenci\u00f3n integral en un solo lugar<\/h3><\/div> <!-- header --><\/div> <!-- aio-icon-box --><\/div> <!-- aio-icon-component --><div class=\"aio-icon-component  vc_custom_1769023671973   style_1\"><div id=\"Info-box-wrap-2985\" class=\"aio-icon-box default-icon\" style=\"\"  ><div class=\"aio-icon-default\"><div class=\"ult-just-icon-wrapper  \"><div class=\"align-icon\" style=\"text-align:center;\">\n<div class=\"aio-icon none \" data-animation=\"fadeInRight\" data-animation-delay=\"03\" style=\"color:#00b4e5;font-size:19px;display:inline-block;\">\n\t<i class=\"icomoon-brankic-32x32-checkmark3\"><\/i>\n<\/div><\/div><\/div><\/div><div class=\"aio-icon-header\" ><h3 class=\"aio-icon-title ult-responsive\"  data-ultimate-target='#Info-box-wrap-2985 .aio-icon-title'  data-responsive-json-new='{\"font-size\":\"desktop:15px;\",\"line-height\":\"desktop:15px;\"}'  style=\"font-weight:bold;color:#333333;\">Equipo m\u00e9dico y terap\u00e9utico coordinado<\/h3><\/div> <!-- header --><\/div> <!-- aio-icon-box --><\/div> <!-- aio-icon-component --><div class=\"aio-icon-component  vc_custom_1769023678025   style_1\"><div id=\"Info-box-wrap-5994\" class=\"aio-icon-box default-icon\" style=\"\"  ><div class=\"aio-icon-default\"><div class=\"ult-just-icon-wrapper  \"><div class=\"align-icon\" style=\"text-align:center;\">\n<div class=\"aio-icon none \" data-animation=\"fadeInRight\" data-animation-delay=\"03\" style=\"color:#00b4e5;font-size:19px;display:inline-block;\">\n\t<i class=\"icomoon-brankic-32x32-checkmark3\"><\/i>\n<\/div><\/div><\/div><\/div><div class=\"aio-icon-header\" ><h3 class=\"aio-icon-title ult-responsive\"  data-ultimate-target='#Info-box-wrap-5994 .aio-icon-title'  data-responsive-json-new='{\"font-size\":\"desktop:15px;\",\"line-height\":\"desktop:15px;\"}'  style=\"font-weight:bold;color:#333333;\">Diagn\u00f3stico preciso y tratamientos personalizados<\/h3><\/div> <!-- header --><\/div> <!-- aio-icon-box --><\/div> <!-- aio-icon-component --><div class=\"aio-icon-component  vc_custom_1769023687149   style_1\"><div id=\"Info-box-wrap-1649\" class=\"aio-icon-box default-icon\" style=\"\"  ><div class=\"aio-icon-default\"><div class=\"ult-just-icon-wrapper  \"><div class=\"align-icon\" style=\"text-align:center;\">\n<div class=\"aio-icon none \" data-animation=\"fadeInRight\" data-animation-delay=\"03\" style=\"color:#00b4e5;font-size:19px;display:inline-block;\">\n\t<i class=\"icomoon-brankic-32x32-checkmark3\"><\/i>\n<\/div><\/div><\/div><\/div><div class=\"aio-icon-header\" ><h3 class=\"aio-icon-title ult-responsive\"  data-ultimate-target='#Info-box-wrap-1649 .aio-icon-title'  data-responsive-json-new='{\"font-size\":\"desktop:15px;\",\"line-height\":\"desktop:15px;\"}'  style=\"font-weight:bold;color:#333333;\">Continuidad de atenci\u00f3n y seguimiento cl\u00ednico<\/h3><\/div> <!-- header --><\/div> <!-- aio-icon-box --><\/div> <!-- aio-icon-component --><div class=\"aio-icon-component  vc_custom_1769023693332   style_1\"><div id=\"Info-box-wrap-3396\" class=\"aio-icon-box default-icon\" style=\"\"  ><div class=\"aio-icon-default\"><div class=\"ult-just-icon-wrapper  \"><div class=\"align-icon\" style=\"text-align:center;\">\n<div class=\"aio-icon none \" data-animation=\"fadeInRight\" data-animation-delay=\"03\" style=\"color:#00b4e5;font-size:19px;display:inline-block;\">\n\t<i class=\"icomoon-brankic-32x32-checkmark3\"><\/i>\n<\/div><\/div><\/div><\/div><div class=\"aio-icon-header\" ><h3 class=\"aio-icon-title ult-responsive\"  data-ultimate-target='#Info-box-wrap-3396 .aio-icon-title'  data-responsive-json-new='{\"font-size\":\"desktop:15px;\",\"line-height\":\"desktop:15px;\"}'  style=\"font-weight:bold;color:#333333;\">Enfoque humano, cercano y profesional<\/h3><\/div> <!-- header --><\/div> <!-- aio-icon-box --><\/div> <!-- aio-icon-component -->[\/vc_column][\/vc_row][vc_row full_width=\u00bbstretch_row\u00bb equal_height=\u00bbyes\u00bb css_animation=\u00bbnone\u00bb bg_type=\u00bbbg_color\u00bb bg_color_value=\u00bb#f6f8fb\u00bb css=\u00bb.vc_custom_1769006554113{padding-top: 30px !important;padding-bottom: 15px !important;}\u00bb el_class=\u00bbcerin-servicios-grid\u00bb][vc_column width=\u00bb1\/3&#8243; offset=\u00bbvc_col-xs-12&#8243; el_class=\u00bbcol-serv-a\u00bb]<div class=\"ult-content-box-container cerin-card\" >\t\t<div class=\"ult-content-box\" style=\"box-shadow: px px px px none;-webkit-transition: all 700ms ease;-moz-transition: all 700ms ease;-ms-transition: all 700ms ease;-o-transition: all 700ms ease;transition: all 700ms ease;\"  data-hover_box_shadow=\"none\"    >[vc_single_image image=\u00bb5185&#8243; img_size=\u00bbfull\u00bb css_animation=\u00bbnone\u00bb][vc_custom_heading text=\u00bbEquipo m\u00e9dico\u00bb font_container=\u00bbtag:h3|font_size:21px|text_align:left|color:%23333333|line_height:28px\u00bb google_fonts=\u00bbfont_family:Open%20Sans%3A300%2C300italic%2Cregular%2Citalic%2C600%2C600italic%2C700%2C700italic%2C800%2C800italic|font_style:700%20bold%20regular%3A700%3Anormal\u00bb css_animation=\u00bbnone\u00bb el_class=\u00bbtitle-ser\u00bb][vc_column_text]<\/p>\n<p style=\"text-align: justify;\"><span style=\"font-weight: 400;\">M\u00e1s de 8 especialidades. Cuidado integral para adultos y ni\u00f1os, incluyendo Cardiolog\u00eda Pedi\u00e1trica, Neurocirug\u00eda, Traumatolog\u00eda y Broncopulmonar.<\/span><\/p>\n<p>[\/vc_column_text]<div class=\" vc_custom_1769022120943 ubtn-ctn-left \"><a class=\"ubtn-link ult-adjust-bottom-margin ubtn-left ubtn-custom \" href=\"https:\/\/www.cerin.cl\/index.php\/equipo-medico\/\" title=\"Equipo m\u00e9dico\" ><button type=\"button\" id=\"ubtn-4644\"  class=\"ubtn ult-adjust-bottom-margin ult-responsive ubtn-custom ubtn-fade-bg  none  ubtn-left   tooltip-69d29b7605349\"  data-hover=\"#ffffff\" data-border-color=\"\" data-bg=\"#00b4e5\" data-hover-bg=\"#167f99\" data-border-hover=\"\" data-shadow-hover=\"\" data-shadow-click=\"none\" data-shadow=\"\" data-shd-shadow=\"\"  data-ultimate-target='#ubtn-4644'  data-responsive-json-new='{\"font-size\":\"desktop:16px;\",\"line-height\":\"desktop:16px;\"}'  style=\"font-weight:bold;width:200px;min-height:44px;padding:10px 15px;border-radius:20px;border-width:1px;border-color:;border-style:solid;background: #00b4e5;color: #ffffff;\"><span class=\"ubtn-hover\" style=\"background-color:#167f99\"><\/span><span class=\"ubtn-data ubtn-text \" >Ver especialidades<\/span><\/button><\/a><\/div>\t\t<\/div><\/div>[\/vc_column][vc_column width=\u00bb1\/3&#8243; offset=\u00bbvc_col-xs-12&#8243; el_class=\u00bbcol-serv-b\u00bb]<div class=\"ult-content-box-container cerin-card\" >\t\t<div class=\"ult-content-box\" style=\"box-shadow: px px px px none;-webkit-transition: all 700ms ease;-moz-transition: all 700ms ease;-ms-transition: all 700ms ease;-o-transition: all 700ms ease;transition: all 700ms ease;\"  data-hover_box_shadow=\"none\"    >[vc_single_image image=\u00bb5187&#8243; img_size=\u00bbfull\u00bb css_animation=\u00bbnone\u00bb][vc_custom_heading text=\u00bbBienestar y cuidado\u00bb font_container=\u00bbtag:h3|font_size:21px|text_align:left|color:%23333333|line_height:28px\u00bb google_fonts=\u00bbfont_family:Open%20Sans%3A300%2C300italic%2Cregular%2Citalic%2C600%2C600italic%2C700%2C700italic%2C800%2C800italic|font_style:700%20bold%20regular%3A700%3Anormal\u00bb css_animation=\u00bbnone\u00bb el_class=\u00bbtitle-ser\u00bb][vc_column_text]<\/p>\n<p style=\"text-align: justify;\"><span style=\"font-weight: 400;\">Enfoque en tu equilibrio f\u00edsico y alivio del estr\u00e9s. Quiropraxia, Reiki, Masaje Descontracturante y Confecci\u00f3n de Plantillas Ortop\u00e9dicas.<\/span><\/p>\n<p>[\/vc_column_text]<div class=\" vc_custom_1769022131014 ubtn-ctn-left \"><a class=\"ubtn-link ult-adjust-bottom-margin ubtn-left ubtn-custom \" href=\"https:\/\/www.cerin.cl\/index.php\/bienestar-y-cuidado\/\" title=\"Bienestar y cuidado\" ><button type=\"button\" id=\"ubtn-2521\"  class=\"ubtn ult-adjust-bottom-margin ult-responsive ubtn-custom ubtn-fade-bg  none  ubtn-left   tooltip-69d29b76053fc\"  data-hover=\"#ffffff\" data-border-color=\"\" data-bg=\"#00b4e5\" data-hover-bg=\"#167f99\" data-border-hover=\"\" data-shadow-hover=\"\" data-shadow-click=\"none\" data-shadow=\"\" data-shd-shadow=\"\"  data-ultimate-target='#ubtn-2521'  data-responsive-json-new='{\"font-size\":\"desktop:16px;\",\"line-height\":\"desktop:16px;\"}'  style=\"font-weight:bold;width:200px;min-height:44px;padding:10px 15px;border-radius:20px;border-width:1px;border-color:;border-style:solid;background: #00b4e5;color: #ffffff;\"><span class=\"ubtn-hover\" style=\"background-color:#167f99\"><\/span><span class=\"ubtn-data ubtn-text \" >Ver servicios<\/span><\/button><\/a><\/div>\t\t<\/div><\/div>[\/vc_column][vc_column width=\u00bb1\/3&#8243;]<div class=\"ult-content-box-container cerin-card\" >\t\t<div class=\"ult-content-box\" style=\"box-shadow: px px px px none;-webkit-transition: all 700ms ease;-moz-transition: all 700ms ease;-ms-transition: all 700ms ease;-o-transition: all 700ms ease;transition: all 700ms ease;\"  data-hover_box_shadow=\"none\"    >[vc_single_image image=\u00bb5188&#8243; img_size=\u00bbfull\u00bb css_animation=\u00bbnone\u00bb][vc_custom_heading text=\u00bbEstudios neurol\u00f3gicos\u00bb font_container=\u00bbtag:h3|font_size:21px|text_align:left|color:%23333333|line_height:28px\u00bb google_fonts=\u00bbfont_family:Open%20Sans%3A300%2C300italic%2Cregular%2Citalic%2C600%2C600italic%2C700%2C700italic%2C800%2C800italic|font_style:700%20bold%20regular%3A700%3Anormal\u00bb css_animation=\u00bbnone\u00bb el_class=\u00bbtitle-ser\u00bb][vc_column_text]<\/p>\n<p style=\"text-align: justify;\">Evaluaciones neurol\u00f3gicas avanzadas como electromiograf\u00eda y conducci\u00f3n nerviosa para identificar la causa de dolor, debilidad u hormigueo con precisi\u00f3n.<\/p>\n<p>[\/vc_column_text]<div class=\" vc_custom_1769022140534 ubtn-ctn-left \"><a class=\"ubtn-link ult-adjust-bottom-margin ubtn-left ubtn-custom \" href=\"https:\/\/www.cerin.cl\/index.php\/estudios-neurologicos\/\" title=\"Estudios neurol\u00f3gicos\" ><button type=\"button\" id=\"ubtn-4018\"  class=\"ubtn ult-adjust-bottom-margin ult-responsive ubtn-custom ubtn-fade-bg  none  ubtn-left   tooltip-69d29b7605484\"  data-hover=\"#ffffff\" data-border-color=\"\" data-bg=\"#00b4e5\" data-hover-bg=\"#167f99\" data-border-hover=\"\" data-shadow-hover=\"\" data-shadow-click=\"none\" data-shadow=\"\" data-shd-shadow=\"\"  data-ultimate-target='#ubtn-4018'  data-responsive-json-new='{\"font-size\":\"desktop:16px;\",\"line-height\":\"desktop:16px;\"}'  style=\"font-weight:bold;width:200px;min-height:44px;padding:10px 15px;border-radius:20px;border-width:1px;border-color:;border-style:solid;background: #00b4e5;color: #ffffff;\"><span class=\"ubtn-hover\" style=\"background-color:#167f99\"><\/span><span class=\"ubtn-data ubtn-text \" >Ver servicios<\/span><\/button><\/a><\/div>\t\t<\/div><\/div>[\/vc_column][\/vc_row][vc_row equal_height=\u00bbyes\u00bb bg_type=\u00bbbg_color\u00bb css=\u00bb.vc_custom_1769006559575{padding-top: 30px !important;padding-bottom: 15px !important;}\u00bb bg_color_value=\u00bb#f6f8fb\u00bb el_class=\u00bbcerin-servicios-grid\u00bb][vc_column width=\u00bb1\/3&#8243; offset=\u00bbvc_col-xs-12&#8243; el_class=\u00bbcol-serv-c\u00bb]<div class=\"ult-content-box-container cerin-card\" >\t\t<div class=\"ult-content-box\" style=\"box-shadow: px px px px none;-webkit-transition: all 700ms ease;-moz-transition: all 700ms ease;-ms-transition: all 700ms ease;-o-transition: all 700ms ease;transition: all 700ms ease;\"  data-hover_box_shadow=\"none\"    >[vc_single_image image=\u00bb5189&#8243; img_size=\u00bbfull\u00bb css_animation=\u00bbnone\u00bb][vc_custom_heading text=\u00bbCERIN a tu hogar\u00bb font_container=\u00bbtag:h3|font_size:21px|text_align:left|color:%23333333|line_height:28px\u00bb google_fonts=\u00bbfont_family:Open%20Sans%3A300%2C300italic%2Cregular%2Citalic%2C600%2C600italic%2C700%2C700italic%2C800%2C800italic|font_style:700%20bold%20regular%3A700%3Anormal\u00bb css_animation=\u00bbnone\u00bb el_class=\u00bbtitle-ser\u00bb][vc_column_text]<\/p>\n<p style=\"text-align: justify;\"><span style=\"font-weight: 400;\">Llevamos la atenci\u00f3n experta a la comodidad de tu domicilio. Servicios de Medicina General, Pediatr\u00eda, Kinesiolog\u00eda y Enfermer\u00eda con la calidad CERIN.<\/span><\/p>\n<p>[\/vc_column_text]<div class=\" vc_custom_1769022162492 ubtn-ctn-left \"><a class=\"ubtn-link ult-adjust-bottom-margin ubtn-left ubtn-custom \" href=\"https:\/\/www.cerin.cl\/index.php\/cerin-a-tu-hogar\/\" title=\"CERIN a tu hogar\" ><button type=\"button\" id=\"ubtn-9031\"  class=\"ubtn ult-adjust-bottom-margin ult-responsive ubtn-custom ubtn-fade-bg  none  ubtn-left   tooltip-69d29b760550a\"  data-hover=\"#ffffff\" data-border-color=\"\" data-bg=\"#00b4e5\" data-hover-bg=\"#167f99\" data-border-hover=\"\" data-shadow-hover=\"\" data-shadow-click=\"none\" data-shadow=\"\" data-shd-shadow=\"\"  data-ultimate-target='#ubtn-9031'  data-responsive-json-new='{\"font-size\":\"desktop:16px;\",\"line-height\":\"desktop:16px;\"}'  style=\"font-weight:bold;width:200px;min-height:44px;padding:10px 15px;border-radius:20px;border-width:1px;border-color:;border-style:solid;background: #00b4e5;color: #ffffff;\"><span class=\"ubtn-hover\" style=\"background-color:#167f99\"><\/span><span class=\"ubtn-data ubtn-text \" >Solicitar servicio<\/span><\/button><\/a><\/div>\t\t<\/div><\/div>[\/vc_column][vc_column width=\u00bb1\/3&#8243; offset=\u00bbvc_col-xs-12&#8243;]<div class=\"ult-content-box-container cerin-card\" >\t\t<div class=\"ult-content-box\" style=\"box-shadow: px px px px none;-webkit-transition: all 700ms ease;-moz-transition: all 700ms ease;-ms-transition: all 700ms ease;-o-transition: all 700ms ease;transition: all 700ms ease;\"  data-hover_box_shadow=\"none\"    >[vc_single_image image=\u00bb5193&#8243; img_size=\u00bbfull\u00bb css_animation=\u00bbnone\u00bb][vc_custom_heading text=\u00bbUnidad del sue\u00f1o\u00bb font_container=\u00bbtag:h3|font_size:21px|text_align:left|color:%23333333|line_height:28px\u00bb google_fonts=\u00bbfont_family:Open%20Sans%3A300%2C300italic%2Cregular%2Citalic%2C600%2C600italic%2C700%2C700italic%2C800%2C800italic|font_style:700%20bold%20regular%3A700%3Anormal\u00bb css_animation=\u00bbnone\u00bb el_class=\u00bbtitle-ser\u00bb][vc_column_text]<\/p>\n<p style=\"text-align: justify;\"><span style=\"font-weight: 400;\">Diagn\u00f3stico de alta precisi\u00f3n y tratamiento integral para tu descanso. Evaluaci\u00f3n especializada con ex\u00e1menes cl\u00ednicos y seguimiento profesional personalizado.<\/span><\/p>\n<p>[\/vc_column_text]<div class=\" vc_custom_1769022172209 ubtn-ctn-left \"><a class=\"ubtn-link ult-adjust-bottom-margin ubtn-left ubtn-custom \" href=\"https:\/\/www.cerin.cl\/index.php\/unidad-del-sueno\/\" title=\"Unidad del sue\u00f1o\" ><button type=\"button\" id=\"ubtn-9429\"  class=\"ubtn ult-adjust-bottom-margin ult-responsive ubtn-custom ubtn-fade-bg  none  ubtn-left   tooltip-69d29b760558f\"  data-hover=\"#ffffff\" data-border-color=\"\" data-bg=\"#00b4e5\" data-hover-bg=\"#167f99\" data-border-hover=\"\" data-shadow-hover=\"\" data-shadow-click=\"none\" data-shadow=\"\" data-shd-shadow=\"\"  data-ultimate-target='#ubtn-9429'  data-responsive-json-new='{\"font-size\":\"desktop:16px;\",\"line-height\":\"desktop:16px;\"}'  style=\"font-weight:bold;width:200px;min-height:44px;padding:10px 15px;border-radius:20px;border-width:1px;border-color:;border-style:solid;background: #00b4e5;color: #ffffff;\"><span class=\"ubtn-hover\" style=\"background-color:#167f99\"><\/span><span class=\"ubtn-data ubtn-text \" >Ver servicios<\/span><\/button><\/a><\/div>\t\t<\/div><\/div>[\/vc_column][vc_column width=\u00bb1\/3&#8243;]<div class=\"ult-content-box-container cerin-card\" >\t\t<div class=\"ult-content-box\" style=\"box-shadow: px px px px none;-webkit-transition: all 700ms ease;-moz-transition: all 700ms ease;-ms-transition: all 700ms ease;-o-transition: all 700ms ease;transition: all 700ms ease;\"  data-hover_box_shadow=\"none\"    >[vc_single_image image=\u00bb5192&#8243; img_size=\u00bbfull\u00bb css_animation=\u00bbnone\u00bb][vc_custom_heading text=\u00bbCerin SPORT y rendimiento\u00bb font_container=\u00bbtag:h3|font_size:21px|text_align:left|color:%23333333|line_height:28px\u00bb google_fonts=\u00bbfont_family:Open%20Sans%3A300%2C300italic%2Cregular%2Citalic%2C600%2C600italic%2C700%2C700italic%2C800%2C800italic|font_style:700%20bold%20regular%3A700%3Anormal\u00bb css_animation=\u00bbnone\u00bb el_class=\u00bbtitle-ser\u00bb][vc_column_text]<\/p>\n<p style=\"text-align: justify;\"><span style=\"font-weight: 400;\">Maximiza tu rendimiento y previene lesiones. Programas de Integraci\u00f3n al Ejercicio, Entrenamiento Funcional y Reintegro Deportivo seguro.<\/span><\/p>\n<p>[\/vc_column_text]<div class=\" vc_custom_1769022188079 ubtn-ctn-left \"><a class=\"ubtn-link ult-adjust-bottom-margin ubtn-left ubtn-custom \" href=\"https:\/\/www.cerin.cl\/index.php\/cerin-sport\/\" title=\"CERIN Sport y rendimiento\" ><button type=\"button\" id=\"ubtn-5237\"  class=\"ubtn ult-adjust-bottom-margin ult-responsive ubtn-custom ubtn-fade-bg  none  ubtn-left   tooltip-69d29b7605619\"  data-hover=\"#ffffff\" data-border-color=\"\" data-bg=\"#00b4e5\" data-hover-bg=\"#167f99\" data-border-hover=\"\" data-shadow-hover=\"\" data-shadow-click=\"none\" data-shadow=\"\" data-shd-shadow=\"\"  data-ultimate-target='#ubtn-5237'  data-responsive-json-new='{\"font-size\":\"desktop:16px;\",\"line-height\":\"desktop:16px;\"}'  style=\"font-weight:bold;width:200px;min-height:44px;padding:10px 15px;border-radius:20px;border-width:1px;border-color:;border-style:solid;background: #00b4e5;color: #ffffff;\"><span class=\"ubtn-hover\" style=\"background-color:#167f99\"><\/span><span class=\"ubtn-data ubtn-text \" >Ver servicios<\/span><\/button><\/a><\/div>\t\t<\/div><\/div>[\/vc_column][\/vc_row][vc_row equal_height=\u00bbyes\u00bb bg_type=\u00bbbg_color\u00bb css=\u00bb.vc_custom_1769006565892{padding-top: 15px !important;padding-bottom: 60px !important;}\u00bb bg_color_value=\u00bb#f6f8fb\u00bb el_class=\u00bbcerin-servicios-grid\u00bb][vc_column width=\u00bb1\/3&#8243; offset=\u00bbvc_col-xs-12&#8243; el_class=\u00bbcol-serv-c\u00bb]<div class=\"ult-content-box-container cerin-card\" >\t\t<div class=\"ult-content-box\" style=\"box-shadow: px px px px none;-webkit-transition: all 700ms ease;-moz-transition: all 700ms ease;-ms-transition: all 700ms ease;-o-transition: all 700ms ease;transition: all 700ms ease;\"  data-hover_box_shadow=\"none\"    >[vc_single_image image=\u00bb5191&#8243; img_size=\u00bbfull\u00bb css_animation=\u00bbnone\u00bb][vc_custom_heading text=\u00bbRehabilitaci\u00f3n integral\u00bb font_container=\u00bbtag:h3|font_size:21px|text_align:left|color:%23333333|line_height:28px\u00bb google_fonts=\u00bbfont_family:Open%20Sans%3A300%2C300italic%2Cregular%2Citalic%2C600%2C600italic%2C700%2C700italic%2C800%2C800italic|font_style:700%20bold%20regular%3A700%3Anormal\u00bb css_animation=\u00bbnone\u00bb el_class=\u00bbtitle-ser\u00bb][vc_column_text]<\/p>\n<p style=\"text-align: justify;\"><span style=\"font-weight: 400;\">Recupera tu movimiento y bienestar Kinesiolog\u00eda especializada, Terapia Ocupacional, Nutrici\u00f3n y Psicolog\u00eda coordinados.<\/span><\/p>\n<p>[\/vc_column_text]<div class=\" vc_custom_1769113484144 ubtn-ctn-left \"><a class=\"ubtn-link ult-adjust-bottom-margin ubtn-left ubtn-custom \" href=\"https:\/\/www.cerin.cl\/index.php\/rehabilitacion-integral\/\" title=\"Rehabilitaci\u00f3n integral\" ><button type=\"button\" id=\"ubtn-3467\"  class=\"ubtn ult-adjust-bottom-margin ult-responsive ubtn-custom ubtn-fade-bg  none  ubtn-left   tooltip-69d29b760569b\"  data-hover=\"#ffffff\" data-border-color=\"\" data-bg=\"#00b4e5\" data-hover-bg=\"#167f99\" data-border-hover=\"\" data-shadow-hover=\"\" data-shadow-click=\"none\" data-shadow=\"\" data-shd-shadow=\"\"  data-ultimate-target='#ubtn-3467'  data-responsive-json-new='{\"font-size\":\"desktop:16px;\",\"line-height\":\"desktop:16px;\"}'  style=\"font-weight:bold;width:200px;min-height:44px;padding:10px 15px;border-radius:20px;border-width:1px;border-color:;border-style:solid;background: #00b4e5;color: #ffffff;\"><span class=\"ubtn-hover\" style=\"background-color:#167f99\"><\/span><span class=\"ubtn-data ubtn-text \" >Ver programas<\/span><\/button><\/a><\/div>\t\t<\/div><\/div>[\/vc_column][\/vc_row][vc_row][vc_column][vc_empty_space][\/vc_column][\/vc_row]<\/p>\n","protected":false},"excerpt":{"rendered":"<p>[vc_row full_width=\u00bbstretch_row\u00bb bg_type=\u00bbbg_color\u00bb bg_color_value=\u00bb#ffffff\u00bb css=\u00bb.vc_custom_1769023414632{padding-top: 30px !important;padding-bottom: 30px !important;}\u00bb][vc_column width=\u00bb2\/3&#8243; offset=\u00bbvc_col-xs-12&#8243; el_class=\u00bbcerin-col-intro\u00bb][vc_custom_heading text=\u00bbCUIDADO DE LA SALUD CON ENFOQUE INTEGRAL\u00bb font_container=\u00bbtag:h4|font_size:26px|text_align:left|color:%2311b3e6|line_height:26px\u00bb\u2026<\/p>\n","protected":false},"author":1,"featured_media":0,"parent":0,"menu_order":0,"comment_status":"closed","ping_status":"closed","template":"","meta":{"footnotes":""},"class_list":["post-4344","page","type-page","status-publish","hentry"],"_links":{"self":[{"href":"https:\/\/www.cerin.cl\/index.php\/wp-json\/wp\/v2\/pages\/4344","targetHints":{"allow":["GET"]}}],"collection":[{"href":"https:\/\/www.cerin.cl\/index.php\/wp-json\/wp\/v2\/pages"}],"about":[{"href":"https:\/\/www.cerin.cl\/index.php\/wp-json\/wp\/v2\/types\/page"}],"author":[{"embeddable":true,"href":"https:\/\/www.cerin.cl\/index.php\/wp-json\/wp\/v2\/users\/1"}],"replies":[{"embeddable":true,"href":"https:\/\/www.cerin.cl\/index.php\/wp-json\/wp\/v2\/comments?post=4344"}],"version-history":[{"count":74,"href":"https:\/\/www.cerin.cl\/index.php\/wp-json\/wp\/v2\/pages\/4344\/revisions"}],"predecessor-version":[{"id":5346,"href":"https:\/\/www.cerin.cl\/index.php\/wp-json\/wp\/v2\/pages\/4344\/revisions\/5346"}],"wp:attachment":[{"href":"https:\/\/www.cerin.cl\/index.php\/wp-json\/wp\/v2\/media?parent=4344"}],"curies":[{"name":"wp","href":"https:\/\/api.w.org\/{rel}","templated":true}]}}